of w(-3)?
2
Suppose n - a + 11 = -2*a, 7 = -n + 3*a. Let g = 15 - n. What is the units digit of g?
5
Let t = 21 - -21. What is the units digit of t?
2
Let d(j) = 2*j**3 - 8*j**2 + 2*j + 6. What is the tens digit of d(5)?
6
Let z(t) = 2 + 3*t + 3 + 6 - 5. What is the tens digit of z(5)?
2
Suppose 29 = 3*r + 5*w, 4*r + 2*w - 4*w = 4. Let n = r + 28. What is the units digit of n?
1
Let d(n) = -n + 1. Let u be d(-5). Let k = u + -2. Suppose -4*i = x + 2, k*x = -3*i - 5 + 36. What is the tens digit of x?
1
Let u = 4 + -2. Let d = u - -6. Suppose -p = s - 4 - d, p - 2*s + 3 = 0. What is the units digit of p?
7
Let u = -44 + 20. Let p = u + 60. What is the units digit of p?
6
Let w = -4 - -13. Let y = w - -6. What is the units digit of y?
5
Suppose 3*o + 2*u = 99, o + 3*o = -5*u + 139. Let v = o - 17. What is the units digit of v?
4
Suppose -r + 4*f = -9, -5*r + 2*r - 37 = 4*f. Let m be -1*r/((-21)/36). What is the units digit of m/(-10)*(-60)/(-8)?
9
Let m(y) = -2*y + 14. Let j be m(6). What is the units digit of ((-12)/14)/(j/(-14))?
6
Let u be 32/6 + 1/(-3). Suppose u*z = 3*z - 4. What is the tens digit of 1/z + 21/2?
1
Suppose 4*i - 2*r + 61 + 13 = 0, 0 = -3*i - 5*r - 75. Let t = -7 - i. What is the units digit of t?
3
Suppose 4*r - 127 + 13 = o, 0 = -2*r + o + 58. What is the tens digit of r?
2
Let b(f) = f**2 - 9*f - 3. Let h be b(10). Suppose 17 = 2*p - h. What is the units digit of p?
2
Let w(x) = -27*x + 1. Let p be w(-1). Let s = p + -19. What is the units digit of s?
9
Let l(d) = 4*d - 6. Let k be l(11). What is the units digit of 6/21 - k/(-14)?
3
Let w = -4 - -10. Let d(l) = -39 - 3*l**2 + 78 - 37 + 9*l + 2*l**2. What is the units digit of d(w)?
0
Suppose 2*j = 6 - 0. What is the units digit of j - (-1 + 5 - 3)?
2
Let i(z) = -2*z + 2. Let q be i(-6). Let r = q - 10. What is the units digit of r?
4
Let h = -129 + 133. Let w be (-1 - -2)/((-1)/(-17)). Suppose 5 - w = -h*q. What is the units digit of q?
3
Suppose -5*f + m + 4 = 0, 0*f - 5*f + 4*m + 16 = 0. Suppose 3*p = -f*p + 45. Suppose -q + p = 2*q. What is the units digit of q?
5
Let z(v) be the third derivative of v**5/60 + 5*v**4/12 - 7*v**3/6 + v**2. Let u be z(-10). What is the units digit of u/(-4) + 1/4?
2
Let u be (-15 + -1 - -1)/(-1). Let l = 2 + u. What is the tens digit of l?
1
What is the tens digit of ((-297)/6)/(2/8*-2)?
9
Let l = 3 - 4. Let b be (-2 - -1) + -4 + l. What is the units digit of 3/6 - b/4?
2
Suppose r - 2*y = -4*r + 568, -4*y = -4. What is the hundreds digit of r?
1
Let q be (-6)/(-1)*(-4)/(-12). Suppose 25 = -2*x + 2*u - 1, -x + q = 2*u. Let v = x + 15. What is the units digit of v?
7
Suppose -5*f - 5*a = -21 - 134, 4*f - 3*a = 138. What is the tens digit of f?
3
Suppose 0 = l + 3*l + 8. Let v = l - -8. What is the units digit of 10 + -3*(-2)/v?
1
Let s(o) = 79*o**3 + o - 1. Let x be s(1). Suppose -4*j - 3*q + x = 0, 3*j - 7*j + 4*q + 72 = 0. What is the tens digit of j?
1
Suppose -32 = -6*v + 2*v. What is the units digit of v?
8
Let a(m) be the first derivative of m**3/3 - 2*m**2 - 6*m + 2. What is the units digit of a(6)?
6
What is the tens digit of -4*(-219)/12 + -6?
6
Let n(k) = -k**3 - 4*k**2 - 2*k + 1. Let t(d) = d**2 - 9*d - 4. Let s = 1 - -8. Let v be t(s). What is the units digit of n(v)?
9
Let w(f) = 5*f + 7*f**3 + 3*f**2 - 5*f**3 - 3 - 3*f**3. What is the tens digit of w(3)?
1
Let c(h) = h**2 - 9*h + 4. Let w(m) = m**2 - 9*m + 5. Let i be (-6)/21 - (-60)/14. Let x(k) = i*w(k) - 3*c(k). What is the units digit of x(9)?
8
Suppose 22 = 5*y + 2*u, u = -3*y + 2 + 11. Suppose y = -t + q + 26, -t + 4*q + 37 = 0. What is the tens digit of t?
1
Let a(h) = -h**3 + 8*h**2 - h + 8. Let v be a(8). Let s be 5 + 1/(-2)*v. Suppose u + 1 = s. What is the units digit of u?
4
Let g(n) = n - 9 + n**3 + 2*n**2 + 7*n - 13*n**2. Let i(o) = o**3 - 10*o**2 + 8*o - 8. Let f(k) = -4*g(k) + 5*i(k). What is the units digit of f(5)?
1
Suppose 4*l = -4*s + 616, 2*s + 188 = 3*l - 249. What is the hundreds digit of l?
1
Suppose -5*j = -6*j + 9. Suppose -5*a + j = -91. What is the units digit of a?
0
Let s(r) = r - 1. Let x(g) = 3*g - 4. Let b be x(3). Let l be s(b). Suppose 2*k - l = 6. What is the units digit of k?
5
Let n = 9 + -9. Suppose n*u = -u + 10. What is the units digit of u?
0
Suppose -5*f - 3*q + 51 = 0, 3*f + q - 27 = -2*q. Let c = f + -7. What is the units digit of c?
5
Suppose 0*i - 2*i - 5*c + 123 = 0, 4*i = -5*c + 271. What is the tens digit of i?
7
Let p(d) = 2*d**2 + 2*d - 2. Let i be p(-5). Suppose 2*u - i + 2 = 0. What is the units digit of u?
8
What is the hundreds digit of ((-1206)/(-24))/(2 - 14/8)?
2
Suppose 4*y = -4*g - 332, 2*y + 5*g + 247 = -y. What is the units digit of 3 + -6 + y/(-2)?
9
Suppose h - 4 - 28 = 0. What is the units digit of h?
2
Let u(b) = b**2 + 8*b + 7. Let i(y) = -7*y**2 - y + 1. Let q be i(1). Let p be u(q). Suppose 8 = 2*w + l, -4*l = -p*l - 8. What is the units digit of w?
3
Let l(k) = -11*k. What is the tens digit of l(-9)?
9
Suppose -52 = -2*k - 3*h, 4*k + 12 = 5*k - 2*h. What is the units digit of k?
0
Let x(h) = -2*h**3 - 4*h**2 - h - 4. Let z = -2 - 1. What is the units digit of x(z)?
7
Let d(r) = -r + 13. Let l be d(10). Let z = 7 - l. What is the units digit of 4*z*2/4?
8
Suppose -3*k = 14 - 284. What is the units digit of k?
0
Suppose -2*z - 3*o = -288, 5*o - 92 - 204 = -2*z. What is the tens digit of z?
3
Let t = -146 + 222. What is the tens digit of t?
7
Suppose 2*v - 6*v = -100. What is the tens digit of v?
2
Let t(w) = -w**3 - 7*w**2 + 7*w - 2. Let j = 54 + -35. Let s be (3 - j)*(-1)/(-2). What is the units digit of t(s)?
6
Let j(c) = 2*c**2 - 3*c + 10. What is the tens digit of j(-5)?
7
Let h be (1 - 4) + 1 + 5. Suppose -2 = -h*f + 2*f. Suppose -3*s - 8 = -2*v, f*v = 7*v - 4*s - 27. What is the units digit of v?
7
Let k = 5 - 27. Let r = 37 + k. What is the tens digit of r?
1
Let x(u) = 11*u**3 - 3*u**2 + 3*u - 5. What is the tens digit of x(2)?
7
Suppose -5*l = 2*w - 4*w - 15, 10 = -2*w. Let r be (-1 - 0) + (-1)/l. What is the units digit of (5 - (-2)/r) + 0?
4
Suppose 29*o - 32*o + 27 = 0. What is the units digit of o?
9
Suppose 5*q - 195 = 4*u + 78, 5*q - 3*u - 271 = 0. What is the units digit of q?
3
Let q = 0 + -9. Let b = 18 + q. What is the units digit of b?
9
Suppose -r + 3*q - 2 = 0, -1 = -r - q + 5. Let k = 1 + r. What is the units digit of k?
5
Suppose -3*w + 5*v + 12 = 3*v, 4*w = -2*v + 2. Suppose 25 = w*m - 5. What is the tens digit of m?
1
Suppose 88 = -5*d + 403. What is the tens digit of d?
6
Suppose 3*d = -d + 12. Suppose -d*g = -g. Suppose z = 4*t - 19, 5*t + g*z = -4*z + 8. What is the units digit of t?
4
Let u(y) be the first derivative of 2*y**3/3 + 3*y**2 + 10*y + 1. What is the tens digit of u(-4)?
1
Suppose -15*x + 431 + 2464 = 0. What is the hundreds digit of x?
1
Suppose 2*t - 31 = -5*v, 3*t - 8 - 26 = -5*v. Let m be (3/(-2))/((-1)/2). Suppose t*l = 5*u - m, -2*u - 5*l = -26 - 0. What is the units digit of u?
3
Let l = -18 + 9. What is the units digit of (-14)/(-3)*l/(-6)?
7
What is the tens digit of (19 + 3)*((-34)/(-4) - 4)?
9
Suppose 2*h + 6 = 4*g, -3*g - 5*h + 13 = g. Suppose -4*y = -g*y - 6. Suppose -37 = -5*b - y*l + l, -4*b - 3*l = -31. What is the units digit of b?
7
What is the tens digit of -1 + (-1399)/(-5) - 5/(-25)?
7
Let w be (2/(-4)*2)/1. What is the tens digit of 111/5 + w/5?
2
Suppose v - 32 = -3*y, 2*v + 2 = 2*y - 22. Suppose -2*m + y + 7 = 0. What is the units digit of m?
9
Let j be 0 + 0 + -4 - -2. Let c be 1/j*(-1 - -1). Suppose c + 5 = p. What is the units digit of p?
5
Suppose 0 = 3*n - 0*n + 30. Let u be 28/n*(-10)/4. Suppose -5*y + u = -3. What is the units digit of y?
2
Let c = -13 + 68. What is the units digit of c?
5
Suppose 0 = -5*b + 5*f - 5, -5*b + 2*f + 2*f - 2 = 0. Suppose -4*y + 3 = -5*k, k + b*y = -1 + 6. What is the units digit of 4 + k + 3 + -3?
5
Suppose 0 = -7*p + 176 + 202. What is the units digit of p?
4
Suppose 5*f + m = 191, 2*m - m + 160 = 4*f. What is the units digit of f?
9
Let b = -18 - -35. Suppose 6*j + 5*n - 15 = j, n = 3*j - b. What is the units digit of j?
5
Let o = 2 - -24. What is the tens digit of o?
2
Let y = -20 + 34. What is the units digit of y?
4
Let m = 3 - 3. Let k = m - 0. Suppose -2*s = -o - 2 - k, -3*s + 29 = 5*o. What is th